{"id":60,"date":"2012-06-09T14:40:29","date_gmt":"2012-06-09T12:40:29","guid":{"rendered":"http:\/\/heilpraktikerin-alessandra-rossi.de\/?page_id=60"},"modified":"2020-09-29T18:40:52","modified_gmt":"2020-09-29T16:40:52","slug":"craniosacrale-therapie","status":"publish","type":"page","link":"https:\/\/heilpraktikerin-alessandra-rossi.de\/?page_id=60","title":{"rendered":"\u00dcber Craniosakrale Therapie"},"content":{"rendered":"<p class=\"western\"><span style=\"font-family: Arial,sans-serif;\"><b>Die Basis der Craniosakralen Therapie<a href=\"http:\/\/heilpraktikerin-alessandra-rossi.de\/wp-content\/uploads\/2016\/12\/Alessandra-Rossi-Bild-Kopf_Wirbelsaeule-e1482008146366.png\"><img loading=\"lazy\" class=\"alignright size-medium wp-image-158\" src=\"http:\/\/heilpraktikerin-alessandra-rossi.de\/wp-content\/uploads\/2016\/12\/Alessandra-Rossi-Bild-Kopf_Wirbelsaeule-300x300.png\" alt=\"\" width=\"300\" height=\"300\" \/><\/a><\/b><\/span><\/p>\n<p class=\"western\"><span style=\"font-family: Arial,sans-serif;\">Dr. Upledger konnte bei Operationen beobachten, dass neben dem Blut- und dem Atemkreislauf im K\u00f6rper ein weiterer Kreislauf existieren kann. Seiner Auffassung nach wird dieser durch den ruhigen und gleichm\u00e4\u00dfigen Fluss einer Fl\u00fcssigkeit (lat. Liquor) vom Kopf (lat. Cranium) durch die Wirbels\u00e4ule bis hinunter ins Kreuzbein (lat. Sacrum) hervorgerufen.<\/span><\/p>\n<p class=\"western\"><span style=\"font-family: Arial,sans-serif;\">Im Rahmen seines Konzeptes folgerte Dr. Upledger, dass das innere Gleichgewicht des Menschen in Dysbalance geraten k\u00f6nne, wenn diese rhythmisch flie\u00dfende Bewegung durch St\u00f6rungen im K\u00f6rper eingeschr\u00e4nkt wird. Nach seiner Theorie besteht die M\u00f6glichkeit, dass sich ein solches Ungleichgewicht <span style=\"font-size: medium;\">im gesamten K\u00f6rper <\/span><span style=\"font-size: medium;\">durch<\/span> <span style=\"font-size: medium;\">akute bis hin zu chronischen Krankheitserscheinungen und Schmerzen <\/span><span style=\"font-size: medium;\">ausdr\u00fccken <\/span><span style=\"font-size: medium;\">k\u00f6nnte<\/span><span style=\"font-size: medium;\">.<\/span><\/span><\/p>\n<p class=\"western\"><span style=\"font-family: Arial,sans-serif;\"><span style=\"font-size: medium;\">D<\/span><span style=\"font-size: medium;\">ie Theorien der Basis der Craniosakralen Therapie werden durch die Schulmedizin noch nicht anerkannt.<\/span><\/span><\/p>\n<p class=\"western\"><span style=\"font-family: Arial,sans-serif;\"><b>Der Ansatz<\/b><b> d<\/b><b>er<\/b><b> <\/b><b>C<\/b><b>raniosacralen Therapie<\/b> <\/span><\/p>\n<p class=\"western\"><span style=\"font-family: Arial,sans-serif;\"><span style=\"font-size: medium;\">Sie <\/span><span style=\"font-size: medium;\">kann in <\/span><span style=\"font-size: medium;\">sehr <\/span><span style=\"font-size: medium;\">vielen Behandlungsf\u00e4llen<\/span> <span style=\"font-size: medium;\">durch L\u00f6sen von Blockaden <\/span><span style=\"font-size: medium;\">auf fein<\/span><span style=\"font-size: medium;\">f<\/span><span style=\"font-size: medium;\">\u00fchlige Art die Selbst<\/span><span style=\"font-size: medium;\">heilung<\/span><span style=\"font-size: medium;\">skr\u00e4fte des K\u00f6rpers <\/span><span style=\"font-size: medium;\">an<\/span><span style=\"font-size: medium;\">regen<\/span><span style=\"font-size: medium;\">. <\/span><span style=\"font-size: medium;\">So <\/span><span style=\"font-size: medium;\">soll<\/span><span style=\"font-size: medium;\"> der K\u00f6rper wieder zu seinem<\/span> <span style=\"font-size: medium;\">harmonische<\/span><span style=\"font-size: medium;\">n<\/span> <span style=\"font-size: medium;\">Gleichgewicht <\/span><span style=\"font-size: medium;\">finden, das <\/span><span style=\"font-size: medium;\">oft <\/span><span style=\"font-size: medium;\">die <\/span><span style=\"font-size: medium;\">Rahmenbedingung<\/span><span style=\"font-size: medium;\">en<\/span><span style=\"font-size: medium;\"> f\u00fcr die individuell optimale Gesundheit <\/span><span style=\"font-size: medium;\">darstell<\/span><span style=\"font-size: medium;\">en kann<\/span><span style=\"font-size: medium;\">. <\/span><\/span><\/p>\n<p class=\"western\"><span style=\"font-family: Arial,sans-serif;\"><span style=\"font-size: medium;\">Die <\/span><span style=\"font-size: medium;\">C<\/span><span style=\"font-size: medium;\">raniosakrale Therapie <\/span><span style=\"font-size: medium;\">kann<\/span> <span style=\"font-size: medium;\">in<\/span><span style=\"font-size: medium;\"> alle<\/span><span style=\"font-size: medium;\">n<\/span><span style=\"font-size: medium;\"> Altersgruppen <\/span><span style=\"font-size: medium;\">von 0 \u2013 99 Jahren angewendet werden<\/span><span style=\"font-size: medium;\">.<\/span><\/span><\/p>\n<p class=\"western\"><span style=\"font-family: Arial,sans-serif;\"><span style=\"font-size: medium;\">\u00a0<\/span><\/span><\/p>\n<p class=\"western\"><span style=\"font-family: Arial,sans-serif;\"><span style=\"font-size: medium;\">\u00a0<\/span><\/span><\/p>\n","protected":false},"excerpt":{"rendered":"<p>Die Basis der Craniosakralen Therapie Dr. Upledger konnte bei Operationen beobachten, dass neben dem Blut- und dem Atemkreislauf im K\u00f6rper ein weiterer Kreislauf existieren kann. Seiner Auffassung nach wird dieser durch den ruhigen und gleichm\u00e4\u00dfigen Fluss einer Fl\u00fcssigkeit (lat. Liquor) &hellip; <a href=\"https:\/\/heilpraktikerin-alessandra-rossi.de\/?page_id=60\">Weiterlesen <span class=\"meta-nav\">&rarr;<\/span><\/a><\/p>\n","protected":false},"author":1,"featured_media":0,"parent":50,"menu_order":0,"comment_status":"closed","ping_status":"closed","template":"onecolumn-page.php","meta":[],"_links":{"self":[{"href":"https:\/\/heilpraktikerin-alessandra-rossi.de\/index.php?rest_route=\/wp\/v2\/pages\/60"}],"collection":[{"href":"https:\/\/heilpraktikerin-alessandra-rossi.de\/index.php?rest_route=\/wp\/v2\/pages"}],"about":[{"href":"https:\/\/heilpraktikerin-alessandra-rossi.de\/index.php?rest_route=\/wp\/v2\/types\/page"}],"author":[{"embeddable":true,"href":"https:\/\/heilpraktikerin-alessandra-rossi.de\/index.php?rest_route=\/wp\/v2\/users\/1"}],"replies":[{"embeddable":true,"href":"https:\/\/heilpraktikerin-alessandra-rossi.de\/index.php?rest_route=%2Fwp%2Fv2%2Fcomments&post=60"}],"version-history":[{"count":15,"href":"https:\/\/heilpraktikerin-alessandra-rossi.de\/index.php?rest_route=\/wp\/v2\/pages\/60\/revisions"}],"predecessor-version":[{"id":250,"href":"https:\/\/heilpraktikerin-alessandra-rossi.de\/index.php?rest_route=\/wp\/v2\/pages\/60\/revisions\/250"}],"up":[{"embeddable":true,"href":"https:\/\/heilpraktikerin-alessandra-rossi.de\/index.php?rest_route=\/wp\/v2\/pages\/50"}],"wp:attachment":[{"href":"https:\/\/heilpraktikerin-alessandra-rossi.de\/index.php?rest_route=%2Fwp%2Fv2%2Fmedia&parent=60"}],"curies":[{"name":"wp","href":"https:\/\/api.w.org\/{rel}","templated":true}]}}