{"id":105,"date":"2012-06-12T21:08:24","date_gmt":"2012-06-12T19:08:24","guid":{"rendered":"http:\/\/heilpraktikerin-alessandra-rossi.de\/?page_id=105"},"modified":"2018-05-24T21:38:09","modified_gmt":"2018-05-24T19:38:09","slug":"impressum-2","status":"publish","type":"page","link":"https:\/\/heilpraktikerin-alessandra-rossi.de\/?page_id=105","title":{"rendered":"Impressum"},"content":{"rendered":"<p>Verantwortlich f\u00fcr diese Internetpr\u00e4senz und f\u00fcr die Datenverarbeitung ist:<\/p>\n<p><span style=\"font-family: Arial,sans-serif;\">Alessandra Rossi<\/span><br \/>\n<span style=\"font-family: Arial,sans-serif;\"> Holzlarer Str. 37<\/span><br \/>\n<span style=\"font-family: Arial,sans-serif;\"> 53229 Bonn<br \/>\n<\/span><\/p>\n<p><span style=\"font-family: Arial,sans-serif;\"><strong>Telefon: <\/strong><\/span><span style=\"font-family: Arial,sans-serif; color: #000000;\">01578 &#8211; 78 12 444<br \/>\n<\/span><\/p>\n<p><span style=\"font-family: Arial,sans-serif;\"><strong>Email:\u00a0<\/strong><\/span>praxis(at)\u00a0 heilpraktikerin-alessandra-rossi.de<br \/>\nAchtung Spamschutz: <strong>Bitte kopieren Sie die eMail-Adresse und ersetzen Sie (at) durch @<\/strong><\/p>\n<p><strong>Praxisanschriften:\u00a0\u00a0\u00a0\u00a0\u00a0\u00a0\u00a0\u00a0\u00a0\u00a0\u00a0\u00a0\u00a0\u00a0\u00a0\u00a0\u00a0\u00a0\u00a0\u00a0\u00a0\u00a0\u00a0\u00a0\u00a0\u00a0\u00a0\u00a0\u00a0\u00a0\u00a0\u00a0\u00a0\u00a0\u00a0\u00a0\u00a0\u00a0\u00a0\u00a0\u00a0\u00a0\u00a0\u00a0\u00a0\u00a0\u00a0\u00a0\u00a0\u00a0\u00a0\u00a0\u00a0\u00a0\u00a0\u00a0\u00a0\u00a0\u00a0\u00a0\u00a0\u00a0\u00a0\u00a0\u00a0\u00a0\u00a0\u00a0\u00a0\u00a0\u00a0\u00a0\u00a0\u00a0\u00a0\u00a0\u00a0\u00a0\u00a0\u00a0\u00a0\u00a0\u00a0\u00a0\u00a0\u00a0\u00a0\u00a0\u00a0\u00a0\u00a0\u00a0\u00a0\u00a0\u00a0\u00a0\u00a0\u00a0\u00a0\u00a0\u00a0\u00a0\u00a0\u00a0\u00a0\u00a0\u00a0\u00a0\u00a0\u00a0\u00a0\u00a0\u00a0 <\/strong><span style=\"font-family: Arial,sans-serif;\"> Thomas-Mann-Str. 58, 53111 Bonn\u00a0\u00a0\u00a0\u00a0\u00a0\u00a0\u00a0\u00a0\u00a0\u00a0\u00a0\u00a0\u00a0\u00a0\u00a0\u00a0\u00a0\u00a0\u00a0\u00a0\u00a0\u00a0\u00a0\u00a0\u00a0\u00a0\u00a0\u00a0\u00a0\u00a0\u00a0\u00a0\u00a0\u00a0\u00a0\u00a0\u00a0\u00a0\u00a0\u00a0\u00a0\u00a0\u00a0\u00a0\u00a0\u00a0\u00a0\u00a0\u00a0\u00a0\u00a0\u00a0\u00a0\u00a0\u00a0\u00a0\u00a0\u00a0\u00a0\u00a0\u00a0\u00a0\u00a0 \u00a0 \u00a0 \u00a0 \u00a0 \u00a0\u00a0\u00a0\u00a0\u00a0\u00a0\u00a0\u00a0\u00a0\u00a0\u00a0\u00a0\u00a0\u00a0\u00a0\u00a0\u00a0\u00a0 Casa Vitalis, Waldstr. 52, 53842 Troisdorf-Spich<br \/>\n<\/span><\/p>\n<p><span style=\"font-family: Arial,sans-serif;\"><strong>Verantwortlich f\u00fcr die Homepage: <\/strong><\/span><span style=\"font-family: Arial,sans-serif; color: #000000;\">Alessandra Rossi<\/span><\/p>\n<p><span style=\"font-family: Arial,sans-serif;\"><strong>Gesetzliche Berufsbezeichnung: <\/strong><\/span><span style=\"font-family: Arial,sans-serif; color: #000000;\">Heilpraktikerin (verliehen in der Bundesrepublik Deutschland)<\/span><\/p>\n<p><span style=\"font-family: Arial,sans-serif;\"><strong>Zust\u00e4ndige Aufsichtsbeh\u00f6rden: <\/strong>Bonn<strong> \/ <\/strong><\/span><span style=\"font-family: Arial,sans-serif; color: #000000;\">Siegburg<\/span><\/p>\n<p><span style=\"font-family: Arial,sans-serif;\"><strong>Tag der amts\u00e4rztlichen \u00dcberpr\u00fcfung: <\/strong><\/span><span style=\"font-family: Arial,sans-serif;\"><span style=\"color: #000000;\">19.12.2006<\/span><br \/>\n<\/span><span style=\"font-family: Arial,sans-serif;\"><strong>Beh\u00f6rdliche Zulassung durch Gesundheitsamt in: <\/strong><\/span><span style=\"font-family: Arial,sans-serif; color: #000000;\">Landratsamt im Ilm-Kreis<\/span><\/p>\n<p><span style=\"font-family: Arial,sans-serif;\"><strong>Erg\u00e4nzende Angaben<\/strong><\/span><\/p>\n<p><span style=\"font-family: Arial,sans-serif;\"><strong>Berufsverbandsmitgliedschaften in:\u00a0\u00a0\u00a0\u00a0\u00a0\u00a0\u00a0\u00a0\u00a0\u00a0\u00a0\u00a0\u00a0\u00a0\u00a0\u00a0\u00a0\u00a0\u00a0\u00a0\u00a0\u00a0\u00a0\u00a0\u00a0\u00a0\u00a0\u00a0\u00a0\u00a0\u00a0\u00a0\u00a0\u00a0\u00a0\u00a0\u00a0\u00a0\u00a0\u00a0\u00a0\u00a0\u00a0\u00a0\u00a0\u00a0\u00a0\u00a0\u00a0\u00a0\u00a0\u00a0\u00a0\u00a0\u00a0\u00a0\u00a0\u00a0\u00a0\u00a0\u00a0\u00a0\u00a0\u00a0\u00a0\u00a0\u00a0\u00a0\u00a0\u00a0\u00a0\u00a0\u00a0\u00a0\u00a0\u00a0\u00a0\u00a0\u00a0\u00a0\u00a0\u00a0\u00a0\u00a0\u00a0 <\/strong><\/span><\/p>\n<p><span style=\"font-family: Arial,sans-serif;\"><span style=\"color: #000000;\">Verband unabh\u00e4ngiger Heilpraktiker e.V.<\/span><br \/>\n<\/span><span style=\"font-family: Arial,sans-serif;\">Mitgliedsnummer Berufsverband: <\/span><span style=\"font-family: Arial,sans-serif; color: #000000;\">2611<\/span><\/p>\n<p>Verband Freier Osteopathen e.V.\u00a0\u00a0\u00a0\u00a0\u00a0\u00a0\u00a0\u00a0\u00a0\u00a0\u00a0\u00a0\u00a0\u00a0\u00a0\u00a0\u00a0\u00a0\u00a0\u00a0\u00a0\u00a0\u00a0\u00a0\u00a0\u00a0\u00a0\u00a0\u00a0\u00a0\u00a0\u00a0\u00a0\u00a0\u00a0\u00a0\u00a0\u00a0\u00a0\u00a0\u00a0\u00a0\u00a0\u00a0\u00a0\u00a0\u00a0\u00a0\u00a0\u00a0\u00a0\u00a0\u00a0\u00a0\u00a0\u00a0\u00a0\u00a0\u00a0\u00a0\u00a0\u00a0\u00a0\u00a0\u00a0\u00a0\u00a0\u00a0\u00a0\u00a0\u00a0\u00a0\u00a0\u00a0\u00a0\u00a0\u00a0\u00a0\u00a0\u00a0\u00a0 Mitgliedsnummer Berufsverband: 353<\/p>\n<p><span style=\"font-family: Arial,sans-serif;\"><strong>Berufsordnung: <\/strong><\/span><span style=\"font-family: Arial,sans-serif;\"><span style=\"color: #000000;\">Nachzulesen im Internet unter<\/span> <a href=\"http:\/\/www.heilpraktikerverband.de\/aktuelles\/recht\/57-1-berufsordnung-fuer-heilpraktiker-boh.html\"><span style=\"color: #000000;\">http:\/\/www.heilpraktikerverband.de\/aktuelles\/recht\/57-1-berufsordnung-fuer-heilpraktiker-boh.html<\/span><\/a><\/span><\/p>\n<p><span style=\"font-family: Arial,sans-serif;\"><strong>Rechtsgrundlage der Heilpraktikert\u00e4tigkeit, Heilpraktikergesetz und Durchf\u00fchrungsverordnung:<\/strong><\/span><span style=\"font-family: Arial,sans-serif;\"><span style=\"color: #000000;\"> Nachzulesen im Internet unter<\/span> <a href=\"http:\/\/www.gesetze-im-internet.de\/heilprg\/index.html\" target=\"_blank\" rel=\"noopener\"><span style=\"color: #000000;\">http:\/\/www.gesetze-im-internet.de\/heilprg\/index.html<\/span><\/a> und <a href=\"http:\/\/www.gesetze-im-internet.de\/heilprgdv_1\/index.html\" target=\"_blank\" rel=\"noopener\"><span style=\"color: #000000;\">http:\/\/www.gesetze-im-internet.de\/heilprgdv_1\/index.html<\/span><\/a><\/span><\/p>\n<p><span style=\"font-family: Arial,sans-serif;\"><strong>Internet Disclaimer \/ Haftungsausschlu\u00df<\/strong><\/span><\/p>\n<p><span style=\"font-family: Arial,sans-serif;\">Wir begr\u00fc\u00dfen jeden Interessierten auf unserer Homepage.<\/span><\/p>\n<div dir=\"LTR\">\n<p><span style=\"font-family: Arial,sans-serif; color: #000000;\">Wir weisen darauf hin, dass sich diese Homepage und s\u00e4mtliche Informationen auf der Homepage nach deutschem Recht richtet. Jeder Benutzer, welcher \u00fcber diesen Disclaimer hinweggeht, um auf unseren einzelnen Seiten Zugriff zu nehmen, erkennt mit dem Weiterbl\u00e4ttern der Seite an, dass sich die Beziehung zwischen ihm und uns ausschlie\u00dflich nach deutschem Recht richtet.<\/span><\/p>\n<p><span style=\"font-family: Arial,sans-serif; color: #000000;\">Vorsorglich weisen wir darauf hin, dass die von uns abgegebenen Informationen auf der Homepage nicht genutzt werden k\u00f6nnen, um Krankheiten oder Leiden selbst zu erkennen und therapieren.<\/span><\/p>\n<p><span style=\"font-family: Arial,sans-serif; color: #000000;\">F\u00fcr die Vollst\u00e4ndigkeit oder Richtigkeit der Informationen auf dieser Homepage k\u00f6nnen wir keine Garantie \u00fcbernehmen.<\/span><\/p>\n<p><span style=\"font-family: Arial,sans-serif; color: #000000;\">Wir k\u00f6nnen nicht ausschlie\u00dfen, dass unsere Internetseiten auch Informationen durch Dritte aufweisen. F\u00fcr diese Informationen k\u00f6nnen wir keine Haftung \u00fcbernehmen. Dies gilt vor allem auch f\u00fcr Links zu anderen Hompages, die wir zwar immer wieder daraufhin \u00fcberpr\u00fcfen, ob sie rechtswidrige Inhalte enthalten, aber keine Gew\u00e4hr daf\u00fcr leisten k\u00f6nnen. Die Inhalte dieser Seiten stellen nicht unsere Meinung dar, die Links werden nur zur Verbesserung der Informationsvielfalt ver\u00f6ffentlicht.<\/span><\/p>\n<p><span style=\"font-family: Arial,sans-serif; color: #000000;\">S\u00e4mtliche Texte und Grafiken auf unseren Homepages sind urheberrechtlich oder durch sonstige Schutzrechte gesch\u00fctzt. Der Gebrauch oder die Vervielf\u00e4ltigung dieser Grafiken und Texte ist ohne die vorherige schriftliche Genehmigung durch uns nicht gestattet. Insbesondere werden wir es nicht gestatten, dass Produktbezeichnungen, welche grunds\u00e4tzlich Markenschutz genie\u00dfen, von Dritten gebraucht werden.<\/span><\/p>\n<p><span style=\"font-family: Arial,sans-serif; color: #000000;\">Um die Internetseite aktuell halten zu k\u00f6nnen, werden wir selbstverst\u00e4ndlich die Texte gegebenenfalls \u00e4ndern und \/ oder erg\u00e4nzen. Eine Haftung aus dem Inhalt der Internetseiten ergibt sich nicht.<\/span><\/p>\n<\/div>\n<h4><span style=\"font-family: Arial,sans-serif; color: #000000;\"><strong>Datenschutz<\/strong><\/span><\/h4>\n<p><span style=\"font-family: Arial,sans-serif; color: #000000;\">Wir, die Betreiber dieser Homepage sch\u00fctzen Ihre pers\u00f6nlichen Daten gewissenhaft und befolgen dabei alle Bestimmungen der Datenschutzgesetze. Personenbezogene Daten werden auf dieser Webseite nur soweit erhoben, wie es technisch f\u00fcr statistische Zwecke notwendig ist. Wir werden die tempor\u00e4r gespeicherten Daten weder verkaufen noch aus anderen Gr\u00fcnden an Dritte weitergegeben. <\/span><\/p>\n<p><span style=\"font-family: Arial,sans-serif; color: #000000;\">Sie k\u00f6nnen sich hier dar\u00fcber informieren, welche Daten erhoben werden, was wir mit diesen Daten machen und wie wir Ihren Schutz sicherstellen. <\/span><\/p>\n<ul>\n<li><span style=\"font-family: Arial,sans-serif; color: #000000;\"><strong>Wie gehen wir mit Ihren Daten um?<\/strong><\/span><\/li>\n<\/ul>\n<p><span style=\"font-family: Arial,sans-serif; color: #000000;\">Ihr Browser \u00fcbermittelt von sich aus automatisch die folgend aufgelisteten Daten, die wir ebenso automatisiert tempor\u00e4r in einer Datenbank auf unserem Server abspeichern:<\/span><\/p>\n<ul>\n<li><span style=\"font-family: Arial,sans-serif; color: #000000;\">Browsertyp und Version<\/span><\/li>\n<li><span style=\"font-family: Arial,sans-serif; color: #000000;\">Das von Ihnen verwendete Betriebssystem<\/span><\/li>\n<li><span style=\"font-family: Arial,sans-serif; color: #000000;\">Referrer URL (die von Ihnen zuletzt besuchte Seite)<\/span><\/li>\n<li><span style=\"font-family: Arial,sans-serif; color: #000000;\">Hostname des zugreifenden Rechners (IP Adresse)<\/span><\/li>\n<li><span style=\"font-family: Arial,sans-serif; color: #000000;\">Uhrzeit des Aufrufs unserer Seite, je nach Einstellung auch der Tag.<\/span><\/li>\n<\/ul>\n<p><span style=\"font-family: Arial,sans-serif; color: #000000;\">Wir k\u00f6nnen diese Daten nicht einzelnen Personen zuordnen, sie bleiben f\u00fcr uns anonym. Wir f\u00fchren diese Daten auch nicht mit Daten aus anderen Quellen zusammen, sie dienen ausschlie\u00dflich statistischen Zwecken, um die Besuchsh\u00e4ufigkeit und das Navigieren in dieser Homepage analysieren zu k\u00f6nnen, die Daten werden nach jeder statistischen Auswertung gel\u00f6scht.<\/span><\/p>\n<ul>\n<li><span style=\"font-family: Arial,sans-serif; color: #000000;\"><strong>Cookies<\/strong><\/span><\/li>\n<\/ul>\n<p><span style=\"font-family: Arial,sans-serif; color: #000000;\">Diese Homepage verwendet keine Cookies.<\/span><\/p>\n<ul>\n<li><span style=\"font-family: Arial,sans-serif; color: #000000;\"><strong>Wie organisieren wir Newsletter und Kontakt<\/strong><\/span><\/li>\n<\/ul>\n<p><span style=\"font-family: Arial,sans-serif; color: #000000;\">Im Fachbereich, soweit dieser auf unserer Homepage eingerichtet wird, werden weitere Daten abgefragt, vor allem Ihren beruflichen Status und zur Verifizierung einer angegebenen Adresse auch eine g\u00fcltige E-Mailadresse. Hierzu sind wir nach den Bestimmungen des HWG (Heilmittelwerbegesetz) verpflichtet, weil bestimmte Informationen nur dem Fachpublikum zug\u00e4nglich gemacht werden d\u00fcrfen. <\/span><\/p>\n<p><span style=\"font-family: Arial,sans-serif; color: #000000;\">Ihre Einwilligung zur Speicherung der Daten, der Email-Adresse sowie deren Nutzung zum Versand des Newsletters, so wir diesen anbieten, k\u00f6nnen Sie jederzeit widerrufen.<\/span><\/p>\n<ul>\n<li><span style=\"font-family: Arial,sans-serif; color: #000000;\"><strong>Wie k\u00f6nnen Sie sich weiter informieren?<\/strong><\/span><\/li>\n<\/ul>\n<p><span style=\"font-family: Arial,sans-serif; color: #000000;\">Sie k\u00f6nnen jederzeit alle \u00fcber sie aktuell gespeicherte Daten, historische Daten werden periodisch gel\u00f6scht, abfragen. Dabei k\u00f6nnen Sie die Herkunft der Daten erfahren, ob von uns abgefragt, oder von Ihnen geliefert und erhalten ebenso Auskunft \u00fcber den Zweck der Speicherung. Dieses Recht auf Auskunft ist uneingeschr\u00e4nkt, sie k\u00f6nnen es durch eine Mail an die Betreiber (siehe Kontakt) jederzeit wahrnehmen. <\/span><\/p>\n<p><span style=\"font-family: Arial,sans-serif; color: #000000;\">Wenn Sie weitere Fragen in Bezug auf die Speicherung und Verwendung Ihrer personenbezogenen Daten haben, oder Fragen auftreten, die \u00fcber den Umfang dieser Datenschutzerkl\u00e4rung hinausgehen, wenden Sie sich bitte vertrauensvoll an uns. Wir stehen Ihnen jederzeit zur Auskunft und Erl\u00e4uterung zur Verf\u00fcgung<\/span><\/p>\n<p align=\"justify\"><span style=\"font-family: Arial, sans-serif; color: #000000;\"><span style=\"font-size: medium;\">In unserem Bundesland ist in allen Datenschutzangelegenheiten Ansprechpartner: <\/span><\/span><\/p>\n<p><span style=\"font-family: Arial, sans-serif; color: #000000;\">Landesbeauftragte f\u00fcr Datenschutz und Informationsfreiheit Nordrhein-Westfalen<\/span><\/p>\n<p><span style=\"font-family: Arial, sans-serif; color: #000000;\">Helga Block\u00a0\u00a0\u00a0\u00a0\u00a0\u00a0\u00a0\u00a0\u00a0\u00a0\u00a0\u00a0\u00a0\u00a0\u00a0\u00a0\u00a0\u00a0\u00a0\u00a0\u00a0\u00a0\u00a0\u00a0\u00a0\u00a0\u00a0\u00a0\u00a0\u00a0\u00a0\u00a0\u00a0\u00a0\u00a0\u00a0\u00a0\u00a0\u00a0\u00a0\u00a0\u00a0\u00a0\u00a0\u00a0\u00a0\u00a0\u00a0\u00a0\u00a0\u00a0\u00a0\u00a0\u00a0\u00a0\u00a0\u00a0\u00a0\u00a0\u00a0\u00a0\u00a0\u00a0\u00a0\u00a0\u00a0\u00a0\u00a0\u00a0\u00a0\u00a0\u00a0\u00a0\u00a0\u00a0\u00a0\u00a0\u00a0\u00a0\u00a0\u00a0\u00a0\u00a0\u00a0\u00a0\u00a0\u00a0\u00a0\u00a0\u00a0\u00a0\u00a0\u00a0\u00a0\u00a0\u00a0\u00a0\u00a0\u00a0 <\/span><span style=\"font-family: Arial, sans-serif; color: #000000;\">Kavalleriestra\u00dfe 2-4<br \/>\n40213 D\u00fcsseldorf<\/span><\/p>\n<p><span style=\"font-family: Arial, sans-serif; color: #000000;\">Telefon: 02 11\/384 24-0<br \/>\nTelefax: 02 11\/384 24-10<\/span><\/p>\n<p><span style=\"font-family: Arial, sans-serif; color: #000000;\"><span style=\"font-size: medium;\"><span lang=\"en-US\">E-Mail<\/span><\/span><\/span><span style=\"font-family: Arial, sans-serif; color: #000000;\"><span style=\"font-size: medium;\">: <a href=\"mailto:poststelle@ldi.nrw.de\">poststelle@ldi.nrw.de<\/a><\/span><\/span><\/p>\n<p><span style=\"font-family: Arial,sans-serif; color: #000000;\">. <\/span><\/p>\n","protected":false},"excerpt":{"rendered":"<p>Verantwortlich f\u00fcr diese Internetpr\u00e4senz und f\u00fcr die Datenverarbeitung ist: Alessandra Rossi Holzlarer Str. 37 53229 Bonn Telefon: 01578 &#8211; 78 12 444 Email:\u00a0praxis(at)\u00a0 heilpraktikerin-alessandra-rossi.de Achtung Spamschutz: Bitte kopieren Sie die eMail-Adresse und ersetzen Sie (at) durch @ Praxisanschriften:\u00a0\u00a0\u00a0\u00a0\u00a0\u00a0\u00a0\u00a0\u00a0\u00a0\u00a0\u00a0\u00a0\u00a0\u00a0\u00a0\u00a0\u00a0\u00a0\u00a0\u00a0\u00a0\u00a0\u00a0\u00a0\u00a0\u00a0\u00a0\u00a0\u00a0\u00a0\u00a0\u00a0\u00a0\u00a0\u00a0\u00a0\u00a0\u00a0\u00a0\u00a0\u00a0\u00a0\u00a0\u00a0\u00a0\u00a0\u00a0\u00a0\u00a0\u00a0\u00a0\u00a0\u00a0\u00a0\u00a0\u00a0\u00a0\u00a0\u00a0\u00a0\u00a0\u00a0\u00a0\u00a0\u00a0\u00a0\u00a0\u00a0\u00a0\u00a0\u00a0\u00a0\u00a0\u00a0\u00a0\u00a0\u00a0\u00a0\u00a0\u00a0\u00a0\u00a0\u00a0\u00a0\u00a0\u00a0\u00a0\u00a0\u00a0\u00a0\u00a0\u00a0\u00a0\u00a0\u00a0\u00a0\u00a0\u00a0\u00a0\u00a0\u00a0\u00a0\u00a0\u00a0\u00a0\u00a0\u00a0\u00a0\u00a0\u00a0\u00a0\u00a0 Thomas-Mann-Str. 58, &hellip; <a href=\"https:\/\/heilpraktikerin-alessandra-rossi.de\/?page_id=105\">Weiterlesen <span class=\"meta-nav\">&rarr;<\/span><\/a><\/p>\n","protected":false},"author":1,"featured_media":0,"parent":0,"menu_order":0,"comment_status":"closed","ping_status":"closed","template":"onecolumn-page.php","meta":[],"_links":{"self":[{"href":"https:\/\/heilpraktikerin-alessandra-rossi.de\/index.php?rest_route=\/wp\/v2\/pages\/105"}],"collection":[{"href":"https:\/\/heilpraktikerin-alessandra-rossi.de\/index.php?rest_route=\/wp\/v2\/pages"}],"about":[{"href":"https:\/\/heilpraktikerin-alessandra-rossi.de\/index.php?rest_route=\/wp\/v2\/types\/page"}],"author":[{"embeddable":true,"href":"https:\/\/heilpraktikerin-alessandra-rossi.de\/index.php?rest_route=\/wp\/v2\/users\/1"}],"replies":[{"embeddable":true,"href":"https:\/\/heilpraktikerin-alessandra-rossi.de\/index.php?rest_route=%2Fwp%2Fv2%2Fcomments&post=105"}],"version-history":[{"count":18,"href":"https:\/\/heilpraktikerin-alessandra-rossi.de\/index.php?rest_route=\/wp\/v2\/pages\/105\/revisions"}],"predecessor-version":[{"id":219,"href":"https:\/\/heilpraktikerin-alessandra-rossi.de\/index.php?rest_route=\/wp\/v2\/pages\/105\/revisions\/219"}],"wp:attachment":[{"href":"https:\/\/heilpraktikerin-alessandra-rossi.de\/index.php?rest_route=%2Fwp%2Fv2%2Fmedia&parent=105"}],"curies":[{"name":"wp","href":"https:\/\/api.w.org\/{rel}","templated":true}]}}